What is the units digit of (-42693)/g + 3/12?
2
Suppose 0 = -k - 2*q + 7708, -23122 = -3*k - 17*q + 13*q. What is the tens digit of k?
0
Let a = 1856 + -1109. Suppose 0 = p - 3*f - 745, 5*p + a = 6*p - 5*f. What is the units digit of p?
2
Let d(n) = n**3 + 6*n**2 - 16*n + 5. Let y be d(-8). Suppose -6 = -4*h + y*w - 3, -2*h = -5*w - 9. What is the tens digit of 3*((-67)/h - 3 - 1)?
5
Let p be 618/21 + 32/56. Let m be 18*(-5)/p*-2. Suppose 227 = m*k - 655. What is the tens digit of k?
4
Suppose 3*v - 4 = 29. Suppose -v*n + 2986 + 3152 = 0. What is the tens digit of n?
5
Let j be 12/(-16) + (4 - 29246/(-8)). Suppose -8*y + j = -485. What is the units digit of y?
8
Let b be (347022/(-52))/((-6)/20). What is the hundreds digit of 4/(-14) - b/(-21)?
0
Let n be (-4 - (0 + -1)) + -1. Let p be -1*(n - (-4 - 0)). Suppose p = -l + 6*l - 310. What is the units digit of l?
2
Let p(o) = o**2 + 33*o - 1. Let r be p(9). Suppose 6*n = -47 + r. What is the units digit of n?
5
Let f = -697 + 390. Let u = 455 - 1013. Let p = f - u. What is the tens digit of p?
5
Suppose 7*g = 229 - 1615. Let f = g - -547. What is the units digit of f?
9
Let m be 20 + 7/(14/10). Let p(n) = 16*n - 3. What is the units digit of p(m)?
7
Let q = 3148 - 1814. Suppose -2*p + q = -2*c, -5*p - 70*c + 71*c + 3331 = 0. What is the hundreds digit of p?
6
Suppose 5*x = 2*v + 7*x - 1554, 0 = -2*v + x + 1557. What is the hundreds digit of v?
7
Let i be (-10 - -305) + 2/2. Let z = i - 160. What is the tens digit of z?
3
Let t(z) = 3*z**3 + 11*z**2 + z + 11. Let s(y) = 4 - 4 - 26*y + 6*y**2 + 6 + y**3 + 27*y. Let k(x) = 5*s(x) - 2*t(x). What is the units digit of k(8)?
2
Let d(n) be the first derivative of n**3/3 + 17*n**2 - 202*n + 196. What is the thousands digit of d(25)?
1
Let c be (0 + 6)/2 - -31. Suppose q = o - 2*q - c, 5*o + 3*q = 170. Suppose -2*n + o = -90. What is the units digit of n?
2
Suppose 0 = 7*p - 13*p + 14916. Suppose 13*u - 2*u = p. What is the hundreds digit of u?
2
Let f = 278 + -188. Suppose 546 + f = -6*m. Let t = -28 - m. What is the tens digit of t?
7
Let a(u) = -u**3 - u**2 - 3*u + 535. Let y be ((-3)/6*0)/(3/(-3)). What is the tens digit of a(y)?
3
Let v(z) = -2*z**2 - 21*z - 9. Let j(a) = a**3 + 2*a - 8. Suppose -g - n + 2 = -3, 0 = -4*g + n - 5. Let i be j(g). What is the units digit of v(i)?
1
What is the thousands digit of -1*1454/(-3)*((-2120)/(-16) + -26)?
1
Suppose -28*v - 3 = -29*v. What is the units digit of 164 + (-5 - 0) - (v - 2)?
8
Let j = 7206 + 85. What is the tens digit of j?
9
Suppose 275*t = 234*t + 2633143. What is the tens digit of t?
2
Let m = -661 - -1805. Suppose 32*o - 19*o = m. What is the tens digit of o?
8
Suppose 626*f - 268416 - 83744 = 618*f. What is the thousands digit of f?
4
Let g(b) = -b**3 - b**2 - 17*b + 5. Let r be g(-11). Suppose -3*o + 6*h = 2*h - r, 2*o - 3*h = 934. What is the hundreds digit of o?
4
Let x be 1 + 1 - (10 - 130/10). Suppose 11*v - 4448 = -x*v. What is the hundreds digit of v?
2
Let j = 110 - 74. Suppose -11*q + 14*q = -j. What is the units digit of q/(-16) - (-93)/12*11?
6
Suppose -n = -24*n + 9*n + 47418. What is the thousands digit of n?
3
Let k = 13815 - -16051. What is the thousands digit of k?
9
Let u(s) = -2*s + 15. Let v be u(6). Suppose 3*x + v*f - 6 = 0, 2*f + 19 = 2*x + f. Suppose 5*i = x*i - 74. What is the units digit of i?
7
Let c = -21 - -2. Let x(u) = u**3 + 20*u**2 + 15*u - 20. Let o be x(c). Suppose -o*m + 53*m = -111. What is the units digit of m?
7
Suppose 4*h - 18921 = -3*s, 4*s - 3019 = -4*h + 15897. Suppose -13*p + h - 977 = 0. What is the hundreds digit of p?
2
Let o(f) be the first derivative of 5*f**3 + f**2/2 + 23*f - 19. Let z be o(6). Suppose 0 = 5*q - z - 61. What is the hundreds digit of q?
1
Let m(y) = -y**3 + 9*y**2 - 3*y + 6. Let v be m(6). Suppose 0 = g - 3*w + 46, 42*w - 45*w - 58 = g. Let d = g + v. What is the tens digit of d?
4
Suppose 3*x + 10*x = 17*x - 107808. What is the thousands digit of x?
6
Let k = 2534 - -5463. What is the tens digit of k?
9
Let u(l) = -1247*l - 53. Let n(o) = -o**2 + 17*o - 31. Let f be n(15). What is the units digit of u(f)?
4
What is the tens digit of 2/(-9) + (342906960/297)/40?
6
Let l = 117 - 97. Suppose -4*c - 12 = -2*q + 34, 0 = -5*c - l. What is the units digit of q?
5
Suppose 4*c - 2*o = -838, 0 = -7*c + 6*c + o - 208. Let x = c - -439. What is the tens digit of x?
2
Let x(k) = 27*k - 3. Let q(u) = 13*u - 2. Let j(b) = 5*q(b) - 2*x(b). Let m be j(2). Suppose -m*t = -158 + 32. What is the units digit of t?
7
Suppose -126*c + 118*c = 4144. Let g = c - -1000. What is the hundreds digit of g?
4
Suppose 28*l = 23*l + 35. Suppose l*c - 117 - 1437 = 0. What is the units digit of (-4)/(-4) - (2 - c)?
1
Suppose 45*d - 77220 + 3465 = 0. What is the thousands digit of d?
1
Suppose v + 10*v - 22 = 0. Suppose -13*z + v*z + 5885 = 0. What is the units digit of z?
5
Let l = 11 + 59. Let i = 58 - l. What is the units digit of 11 + i + 17/1?
6
Let b = -1685 - -4196. Suppose -42*c = -39*c - b. What is the units digit of c?
7
Suppose 2*l = -l + 2*t - 4, l - 27 = -5*t. Suppose l*r = 1 - 1. Suppose r = 3*s - 3, 6*s - 2*s = -2*a + 272. What is the tens digit of a?
3
Let z(c) = 3*c + 24. Let b be z(-8). Suppose -28 = -b*q - 4*q. Let a = 46 - q. What is the units digit of a?
9
What is the thousands digit of 15/(-5)*-5 + 3519?
3
Let r(c) = -297*c**2 + 10*c - 14. Let m be r(10). What is the hundreds digit of m/(-65) - (-1 + 9/15)?
4
Suppose -136 + 184 = 3*t. Suppose -241 = -t*x + 2159. What is the hundreds digit of x?
1
Let k = -222 + 154. Let s = k + 63. What is the tens digit of (4/1)/(s*(-1)/175)?
4
What is the hundreds digit of (-2)/(20/(-143970)) - 14?
3
Let y be 100/(-8) + 14 - (-6)/4. Suppose -5*z = 2*s - 701, -4 = z + y*z. What is the units digit of s?
3
Suppose i = 4*i + 201. Let c = i - -18. What is the tens digit of (-560)/c + (-4)/(-7)?
1
Let m(x) = -334*x**3 + 9*x**2 - 4*x - 1. Let l(w) = 335*w**3 - 8*w**2 + 3*w + 1. Let t(o) = -6*l(o) - 5*m(o). What is the units digit of t(-1)?
0
Let h(g) = g**3 + 16*g**2 + 10*g + 13. Suppose 4*q + 19 = 5*c - 31, -2*q - 3*c - 36 = 0. What is the tens digit of h(q)?
8
Let c(x) = x**3 + 4*x**2 - 2*x - 10. Let s be c(-3). What is the tens digit of s + (-219)/45 - 21478/(-15)?
3
Let l(k) = -k**3 + 13*k**2 - 2*k + 30. Let b be l(13). Suppose -5*o + 2*r + 184 = 0, -4*o + 219 = -b*r + 79. What is the units digit of o?
8
What is the ten thousands digit of (-14)/(-2) - (-18152 + -24)?
1
Let c(x) = 64*x - 12. Suppose -4*n - 14 + 5 = -5*a, -5*n + 45 = 5*a. Let v be c(a). Suppose -3*h - 5*w = -231, -h + 5*h + 4*w = v. What is the units digit of h?
7
What is the units digit of 1334 - (-7)/((-56)/(-96))?
6
Suppose -1830 = -31*x + 6230. Suppose -4*w - w = -15. Suppose 8*u = w*u + x. What is the units digit of u?
2
Suppose -p - 3*v - 367 = -2*p, -5*p + 1886 = 2*v. Suppose 0 = -3*g + 2*t + p + 93, 5*g - 2*t = 787. What is the units digit of g?
9
Let r(y) = -975*y + 41. Let w(f) = 1462*f - 60. Let x(c) = -8*r(c) - 5*w(c). What is the tens digit of x(3)?
4
Let t = -355 - -844. Suppose 2*p - 1361 = t. Suppose -16*k = -11*k - p. What is the tens digit of k?
8
Let h = -17 - 11. Let l = h - -38. Suppose -w + 102 = l. What is the tens digit of w?
9
Suppose -7*l + 738 = -9*l. Let c = l - -181. Let z = c + 286. What is the units digit of z?
8
Suppose 5 = -k, -4*u + k = 6*k + 9. Suppose 36*f - 37*f - u*g + 198 = 0, 3*f - 2*g - 580 = 0. What is the hundreds digit of f?
1
Suppose 0 = 3*p + i - 9230, 7*i + 3106 = -21*p + 22*p. What is the units digit of p?
8
Suppose -2*q = -0*q - 3*q. Suppose q = -b - 18 + 20. What is the units digit of 18/15*((-124)/(-8) + b)?
1
Let u(t) = -t + 14. Suppose 0*c - 2*d = 3*c - 26, 4*d - 12 = -c. Let g be u(c). Suppose 2*l - 4*p = 302, -l + g*l = p + 710. What is the tens digit of l?
4
Suppose 2*w + 6 = 4*o, 0*w = -3*o + 3*w + 3. Suppose -g - o*g + 5274 = 4*s, 5*s - 5*g - 6610 = 0. What is the hundreds digit of s?
3
Let x(t) = t**2 + 21*t - 43. Let a be x(-22). Let w(g) = -2*g**2 - 42*g + 85. What is the tens digit of w(a)?
8
Suppose -3 = 3*c, 4*c + 31604 = 5*z - z. What is the units digit of z?
0
Let n be (-33)/88 - (27030/(-16) - 3). Let v = 3501 - n. What is the tens digit of v?
0
Let b(k) be the first deriva